 Calculate the remainder when 70 is divided by (-1309)/(-85) - l/10.
10
Let o(j) = 4*j**2 - j + 1. Let c be o(4). Suppose 2*p = -2*p - 5*x + c, 0 = 5*p - 5*x - 65. What is the remainder when p is divided by 4?
2
What is the remainder when (-3)/((-15)/20) - -1*63 is divided by 57?
10
Let a = -240 + 286. Calculate the remainder when a is divided by 27.
19
Let g be ((-2)/6)/(25/75). Let l be 1*((-7)/g - 4). Suppose 3*v + z - 38 = -l*z, -2*z + 4 = 0. What is the remainder when 25 is divided by v?
5
Suppose -6*o + 10 = -20. Suppose 2*m - 4*n = 26, 10 = -4*m + o*n + 59. Let v(t) = 14*t - 2. Calculate the remainder when v(3) is divided by m.
7
Let j(t) = -t**2 + 11*t - 19. Let i be j(8). Suppose -m + 30 = -3*n + 2*n, i = m + 4*n. Calculate the remainder when 48 is divided by m.
23
Let i be (-2)/4*(21 + (-5)/(-5)). Let w(o) = -o**3 - 11*o**2 + 18. What is the remainder when 286 is divided by w(i)?
16
Let r = 303 + -289. What is the remainder when 41 is divided by r?
13
Suppose 5*s - 285 = 4*s + 5*b, -3 = b. What is the remainder when s is divided by 69?
63
Let o(j) = 88*j - 21. Calculate the remainder when o(3) is divided by 62.
57
Suppose 4*y - 9 - 3 = 0. Let j be y/9 - 3/9. Calculate the remainder when 70 is divided by 9*(-1 + (j - -3)).
16
Let y(m) = 22*m**2 - 2*m + 1. What is the remainder when (412/(-10) - 0)/(6/(-15)) is divided by y(1)?
19
Suppose 5*g - 2 - 8 = 0. Suppose g*m + 0*u - 74 = -4*u, -2*m + 3*u = -102. Calculate the remainder when m is divided by 23.
22
Let i = -21 - -128. Suppose i = 5*q - 13. Let k = -11 + q. Calculate the remainder when 51 is divided by k.
12
Let g(v) = 2*v**3 - v**2 + 4*v. Let a(c) = -3*c**3 - 4*c - 1. Let n(l) = 3*a(l) + 4*g(l). What is the remainder when 5 is divided by n(-5)?
1
Let s be (1/(-2))/((-8)/32). Suppose -5*k - 4*j = -416, 232 = 3*k - 0*j - s*j. Calculate the remainder when k is divided by 27.
26
Let n(u) = 4*u**2 - 71*u - 32. Let j be n(18). Let l(k) = k + 456. Let i be l(0). What is the remainder when 30/70 - i/j is divided by 18?
15
Suppose 5*s + v - 13 = 0, -5*s - 1 = -v - 8. Calculate the remainder when 4 is divided by ((-4)/3 + s)/(6/9).
0
Let i be (-2)/3 - (-16)/6. Suppose i*h + 76 = k, -h - 1 = -0. What is the remainder when k is divided by ((-1159)/122)/((-2)/4)?
17
Let m(v) = -11 - 12 + 9 - 2*v. Let a be m(-7). Let u = a + 20. What is the remainder when 98 is divided by u?
18
Let q = -7 - -18. Let x(l) = -l**2 - 36*l - 288. Calculate the remainder when x(-20) is divided by q.
10
Let h = 203 - 70. Let v = -64 + h. What is the remainder when v is divided by 14?
13
Suppose 0 = 2*d + 2 + 2. Suppose -2*n + 4*o + 41 = 15, 10 = -5*o. What is the remainder when n is divided by -8*(-1 - d/4)?
1
Suppose 5*y - 5*o - 10 = 0, -3*o = 5*y + 1 + 5. Suppose y*r = -4*r + 40. Calculate the remainder when 27 is divided by r.
7
Let o(w) = -100*w + 189. Calculate the remainder when o(-7) is divided by 99.
97
Suppose 0 = -1826*y + 1827*y - 1265. What is the remainder when y is divided by 141?
137
Let i(m) = -8*m**2 - 3*m + 3. Let z(y) = 2*y**2 + y - 1. Let f(s) = 2*i(s) + 9*z(s). Let k = -1041 - -1044. Calculate the remainder when f(-3) is divided by k.
0
Let a(c) = -4*c + 32 + 3*c - c**2 - c - 13. Let h be a(-10). Let n = 92 + h. What is the remainder when n is divided by 17?
14
What is the remainder when (49/(-21))/(-4 + 581/147) is divided by 152/6 + 6/9?
23
Calculate the remainder when 147 is divided by 4270/105*12/8.
25
Let q(t) = -t**3 - 4*t**2 - 2*t + 30. What is the remainder when 183 is divided by q(-4)?
31
Suppose -n - 4*z = -25, -4*z = -4*n + 10 + 30. Suppose -a = -4*u + 149, 4*u + 0*a = -3*a + 161. What is the remainder when u is divided by n?
12
Suppose -5*s + 1972 = 4*i, 4*s + 5*i - 2438 = -864. What is the remainder when s is divided by 21?
18
Calculate the remainder when 67 is divided by -4 + (-15)/((-60)/232).
13
Suppose 34 = -8*r + 9*r. Suppose 4*u + r = -26. Calculate the remainder when 75 is divided by 26/(-5)*u/3.
23
Let s(m) = -m**3 + 5*m**2 + m + 4. Let c be (2 + (-6 - -3))*-3. Let v be s(c). Suppose 9*h = 4*h + v. Calculate the remainder when 9 is divided by h.
4
Let g = -17 - -20. Let v = 25 + -12. Calculate the remainder when v is divided by g.
1
What is the remainder when 146 is divided by (33/(-12) + -2)*-4?
13
Let m(h) = h**2 - 3*h + 4. Let z be m(0). Suppose -4*t - z*v = -388, v = 4*t - 2*v - 367. Calculate the remainder when t is divided by 32.
30
Suppose -3*y + 5 = -16. Suppose 0 = -4*g, 2*g = 3*j - g - 132. Suppose 5*f = -5*s + 295, -s + y = -3*f - j. What is the remainder when s is divided by 15?
12
Let q(k) = 66*k**2 - 3*k - 3. Calculate the remainder when q(-1) is divided by 4.
2
Suppose 0 = -10*r + 7*r + 9. Suppose -r*w = -5*y - 101, -2*y = w + 4*w - 158. Let o = -12 - -24. Calculate the remainder when w is divided by o.
8
Let w(m) = -2*m + 2. Let u be w(-4). Let t = -7 + u. Suppose -1 = -q + t. What is the remainder when 10 is divided by q?
2
Suppose 2 = d, -b + 12 = -4*d - 200. Suppose 4*l - 204 = 4*o, 6*l - 2*l = -4*o + b. What is the remainder when l is divided by 27?
26
Let v = -21 + -56. What is the remainder when (220/v)/(4/(-14)) is divided by 4?
2
Let x be 2/4 - 7/(-2). Let i be 1 - (-15)/5 - -1. Suppose i*w = 5*u - 65, -4*u = w - x*w - 51. Calculate the remainder when 23 is divided by u.
11
Let i(d) = d**3 - 22*d**2 + 40*d + 33. Calculate the remainder when 4/14 - 439/(-7) is divided by i(20).
30
Let x(u) = -u**3 - 2*u**2 - 3*u. Let m be x(-2). Suppose 34 = 4*k - m. What is the remainder when 6*28/8 + -2 is divided by k?
9
Let d be (-8)/(8/3)*4/(-6). Suppose 2*g = -4*s + 20, -3*s + s - 26 = -d*g. Calculate the remainder when 45 is divided by g.
9
Let u = -223 - -254. Calculate the remainder when 121 is divided by u.
28
Suppose -3*g = -9, -2*g = w - 27 + 2. Suppose -2*q + 32 + 190 = 0. What is the remainder when q is divided by w?
16
Let i = 1336 + -782. Calculate the remainder when i is divided by 37.
36
Suppose -3*g - g + 136 = -3*d, -2*d = 8. What is the remainder when g is divided by 11?
9
Let i(x) = 3*x + 2. Let d = -49 - -40. What is the remainder when (57/(-1))/(d + 8) is divided by i(6)?
17
Suppose 4*a + 427 = 5*z, -4*z + 44 + 276 = 4*a. Suppose d - 696 = -23*d. Calculate the remainder when z is divided by d.
25
Let l = 77 + 5. What is the remainder when 1065 is divided by l?
81
Let k = 1 + 1. Suppose -k*n + 15 = -5. Suppose -31 = -2*m + 3*h, -53*h + 52*h - 50 = -3*m. What is the remainder when m is divided by n?
7
Suppose -l - 2*r + r = -41, -5*l + 205 = 4*r. Let h = 1 + -20. Let t = 33 + h. Calculate the remainder when l is divided by t.
13
Suppose -3*u + 4*i + i = 2, 0 = 3*u + 4*i - 34. Let z(h) = 0 - h**3 - h**3 - h**2 - 1. Calculate the remainder when z(-2) is divided by u.
5
Let t = -29 - -44. What is the remainder when 355 is divided by t?
10
Suppose 3*f = -2*f + 60. Let x(j) = j**3 + 15*j**2 + j + 17. Let a be x(-15). Suppose a*u - 115 + 21 = 0. Calculate the remainder when u is divided by f.
11
Let c(x) = -17 + 10 - x**2 - 6 + 15*x. Calculate the remainder when 126 is divided by c(13).
9
Calculate the remainder when (-2 + -5)*((-101)/7 - 1) is divided by 39.
30
Let p(k) = 5*k**3 + 20*k**2 - 2*k + 3. What is the remainder when (2 + -43)/(-1) - 1 is divided by p(-4)?
7
Let q(f) = -f**3 + 13*f**2 + 6*f - 14. Suppose -36 - 29 = -5*l. Calculate the remainder when q(l) is divided by 34.
30
Let q = -27 - -29. Suppose -q*r + 0*r = 4*f - 20, 3*f = -5*r + 78. What is the remainder when 51 is divided by r?
15
Suppose 1938 = 25*o + 9*o. Calculate the remainder when 165 is divided by o.
51
Suppose 10*o = 11*o + 199. Let j = -126 - o. Calculate the remainder when j is divided by 19.
16
Let l = -8 + 41. Suppose -856*j + 847*j + 1152 = 0. What is the remainder when j is divided by l?
29
Let o(r) = 6*r - 9*r - 7 + 7*r. Let y be o(5). Let x = 36 - y. What is the remainder when x is divided by 12?
11
Suppose 3*n = 2*n + 45. Let z be 2 - 1 - (-1 + -27). Let l = -17 + z. What is the remainder when n is divided by l?
9
Let t(y) = 3*y - 17. Let j be t(-4). Let q = j + 48. Calculate the remainder when q is divided by 5.
4
Calculate the remainder when 2 is divided by 1/(-21)*-15 + (-8)/(-28).
0
Suppose 127*w - 116*w = 319. Calculate the remainder when 84 is divided by w.